ppose 5*v = -14*v - 38. Let i(l) = 1838*l**2 + l - 1. Is i(v) composite?
False
Suppose 28853*s - 28874*s = -3311889. Is s composite?
True
Suppose -2*y = 4, -5*w + 10 - 4 = -3*y. Let b(q) = q**3 + q**2 + 2*q + 4. Let l be b(w). Suppose 0*n - 4*n + 2950 = 2*v, -n - l*v = -741. Is n prime?
False
Let d = 105259 - 16056. Is d a composite number?
False
Let f = -313729 + 222472. Is 2/(-14) + 22/(-231)*f prime?
False
Suppose 102*q + 10121273 = 162*q + 2080613. Is q prime?
False
Suppose 15*v - 70407 + 4542 = 0. Is v a composite number?
False
Suppose 0 = -11*u + 3437415 + 296018. Is u a prime number?
False
Let x(k) = 2*k - 24. Let l be x(8). Let u(c) = 32*c**2 - 7*c + 15. Is u(l) a composite number?
True
Let i(t) = 333*t**2 - 132*t - 74. Is i(27) composite?
False
Let c = 1873241 - 1089232. Is c prime?
True
Let t = 113152 + -19599. Is t prime?
True
Let m be 2103858/135 - 4/30. Suppose -1506 - m = -2*o. Is o a composite number?
True
Suppose 3*y - 29*r - 1546735 = -25*r, 4*r = -6*y + 3093386. Is y composite?
True
Let b be ((-6)/(-4))/(-3)*(97 + -101). Is ((-75165)/(-10) + b)*(2 - 0) a prime number?
False
Let b be (1/(20/(-25)))/(2/(-12760)). Suppose -6*j = 19*j - b. Is j prime?
False
Suppose -8*i + 44123 = 11291. Suppose -13*f + 3475 + i = 0. Is f a prime number?
False
Let z(p) = 20*p + 22. Let b(h) = -h**2 + 2*h + 14. Let u be b(0). Let l be z(u). Let s = -181 + l. Is s a composite number?
True
Suppose a - 2*f = 5400, 6*a - 9*a - 5*f = -16255. Let j = a - 3671. Is j prime?
False
Let s(x) = 4176*x - 126. Let z be s(3). Let w = 23887 - z. Is w composite?
True
Let t = 67 + -95. Let q(z) = -2*z - 54. Let n be q(t). Suppose -5*l + 2595 = -5*a, 0*l = 4*l + n*a - 2064. Is l prime?
False
Let t(z) = -1 - 3*z**2 - 12 - 3 - 26*z. Let m be t(-8). Suppose -4*o + 635 + 369 = m. Is o a prime number?
True
Suppose -x - p + 51693 = 0, 5*x - 2*p + 17871 = 276336. Is x a prime number?
False
Is -5*(3931605/75)/(-9) prime?
True
Let i = 29 - -7. Suppose 5*m - 4*p + i = 0, -2*m + 4*p = -3*m - 12. Is 147/4 + (-2)/m prime?
True
Is 5 + 720253/9 - (-1)/(-9) a prime number?
False
Is 67772985/84 + (-5)/(-6)*(-111)/370 a prime number?
True
Is 237126/15 + (-81)/(-135) a prime number?
True
Let t = -14127 + 109724. Is t prime?
True
Suppose 0 = -10*f + 17*f - 171059. Let v = f - 11994. Is v a prime number?
False
Is 715109*(-7 - -6)*3*(-9)/27 composite?
False
Suppose -3*f + 12 = -3*h - h, -3*f = 2*h + 6. Let i(y) = 3*y**2 + 4*y**2 - 8*y**2 - y + 37. Is i(f) composite?
False
Suppose 17006323 = 28*s + 5484239. Is s composite?
False
Is 9036/(-12)*(-1)/(-6)*-22 composite?
True
Let k(c) = -41*c**3 - 14*c**2 + 64*c + 860. Is k(-13) a composite number?
False
Let v(h) = -2312*h**3 - 2*h**2 - 87*h - 250. Is v(-3) composite?
False
Suppose 0 = 3*k - 5*t - 100479, 0 = 4*k + 5*t + 41581 - 175553. Is k prime?
True
Let z = 110354 + 143189. Is z a composite number?
False
Let m(p) = 1681*p**2 - 157*p + 1109. Is m(8) composite?
True
Let r be 414354/8 + (-46)/184. Suppose 0 = 11*f - 27615 - r. Is f prime?
True
Let g(r) = -r**3 - 15*r**2 - r - 1. Let u be g(-15). Suppose 2954 = -u*s + 21*s. Is s a composite number?
True
Let k = 238446 - 155483. Is k a composite number?
False
Let z(v) = -v**3 + 22*v**2 + 2*v + 20. Let m be (660/(-240))/(1/((-12)/(-3))). Is z(m) a composite number?
True
Let d(z) = -603*z. Let b be d(2). Let u = b - -9323. Is u a prime number?
True
Suppose -4*d + 497764 - 10606 = -5*w, 5*d - 608941 = 3*w. Is d prime?
True
Let f(t) = 267*t**2 - 422*t + 116. Is f(21) a composite number?
False
Suppose 1685*c - 1683*c + 16 = 0, 3*a + 5*c = 159101. Is a a prime number?
True
Is -4 + 5 + (-73 - -27403) composite?
True
Let i(g) = 9 - 21 + 0 + 2 + 1629*g. Is i(1) a prime number?
True
Suppose 2*o + 2*j = 5*o - 10, -4*o = 5*j - 21. Suppose 3*p + 16360 = o*k, -2*k = -4*k + p + 8180. Let t = k + -1341. Is t composite?
False
Suppose -21*d = -510471 - 204579. Suppose -1478 = -8*x + d. Is x composite?
False
Let g(p) = -p**2 + 8*p + 83. Let y be g(-28). Let k = y + 2004. Is k a prime number?
False
Let x be 6756/(-8) - 2/(-12)*-3. Let z = -142 - x. Is z a prime number?
False
Let f(s) = s**3 + 19*s**2 + 33*s - 2. Let p be f(-17). Is 1/3 - (-17650)/p prime?
False
Suppose -3*z - 5*h + 24 = -16, 0 = -h - 1. Suppose -4*u - 615 = -c, 5*u - z = 5. Is c prime?
True
Let j(o) = o**3 - 30*o**2 - 78*o - 20. Let f be -1*1 - (93 + -127). Is j(f) composite?
False
Is (1/(-11))/(255/(-673000845)) composite?
False
Is (441/(-1176) - 59375830/(-272)) + (-4)/34 prime?
False
Let j be 432/104 + 4/(-26). Suppose 5*f = 5*v + 45, 2*v - j*f + 8 = -12. Let w(y) = -147*y + 17. Is w(v) a prime number?
True
Let p = 10 - 7. Suppose 5*x = -p*n + 12 + 13, 0 = 3*x - 6. Suppose -1674 = -n*j + 9931. Is j a composite number?
True
Is (-11 + 11 + 6 + -7 + 0)*-23399 composite?
False
Let o(a) = 54*a**2 - 99*a + 61. Is o(-38) a composite number?
False
Let c = -652 + 655. Suppose -33522 - 7881 = -3*s + 2*v, 5*s - 68986 = -c*v. Is s a composite number?
False
Suppose 0 = -34*f + 2763772 + 800346. Is f prime?
True
Let w(n) be the third derivative of -n**4/12 + 701*n**3/6 + 2*n**2 - 11. Suppose -3*d = d. Is w(d) a composite number?
False
Let f(m) = 1613*m**3 - 5*m**2 + 7*m + 26. Is f(3) prime?
False
Is 476372 + (22/11 - -13) prime?
False
Suppose 866 - 2261 = -15*x. Suppose -x*t = -89*t - 9284. Is t composite?
True
Let b(w) = -5*w**2 - 3*w + 5. Let k be b(8). Let d = k + 578. Is d prime?
True
Suppose -23*w = -27*w + 41760. Suppose 4*o - p - w = p, -4*p = 5*o - 13037. Is o prime?
True
Let w = -10186 - -15155. Let r = w - 3428. Let s = 2608 - r. Is s a composite number?
True
Is 33 - 23 - (-2428*38 - -5) a prime number?
True
Let c(b) = 16*b**3 - b**2 - 8*b - 2. Suppose -24*x + 235 - 67 = 0. Is c(x) composite?
False
Let w(o) = 12*o**2 - 11*o - 21. Let z be w(-14). Suppose 0 = 20*c - z - 5095. Is c a composite number?
False
Let i be (2 - 2) + 2 + 11. Suppose 5*b - s + 0*s - 355 = 0, 4*b - 5*s - 263 = 0. Let m = i + b. Is m prime?
False
Let j(m) = 754*m**2 + 40*m - 975. Is j(16) composite?
True
Let i(n) = -30*n**3 + 1 - 4 - 7 - 11*n - 3 + 24 - 3*n**2. Is i(-6) a prime number?
True
Let o(m) = -1313*m - 4. Let j be o(-6). Let v = -2131 + -2172. Let f = j + v. Is f prime?
True
Let m be (-19719)/42 + 2/(-4). Let h = m + 809. Suppose -n = -0*n - h. Is n a prime number?
False
Let v = -2 - -6. Suppose -596 + 224 = -v*o. Suppose -3*s + o = 15. Is s a composite number?
True
Suppose -22*q + 75444 = -34*q. Let r = q + 12534. Is r a composite number?
False
Let z(w) = -7837*w + 89. Is z(-6) composite?
False
Let z be 118/(-10) + 22/(-110). Let k(r) = r**3 + 16*r**2 - 17*r + 7. Is k(z) composite?
False
Let c(v) = -46*v**3 - 27 + 21 - 11*v**2 + 9*v + 2*v**3 + 17. Is c(-5) prime?
False
Let j(x) = x**2 + 6*x - 10. Let z be j(-8). Suppose z*w - 8*w = -356. Suppose 2*s - 5*g = 98 + w, s + g = 145. Is s composite?
True
Is ((-930964)/(-6))/(19/((-1425)/(-50))) a composite number?
False
Let p(i) = 51770*i**2 - 59*i - 134. Is p(-3) a prime number?
False
Let k(q) = -674*q + 2007. Is k(-98) a composite number?
False
Let f(n) = 3*n**2 + 17*n + 46. Let c be f(-9). Suppose -c*u = -131*u - 5755. Is u a composite number?
False
Suppose 2*p = 3*p + 3, -2*i + 4*p - 178 = 0. Let m = 101 + i. Let a(t) = t**2 + 5*t + 3. Is a(m) a prime number?
False
Is 581641 - 2 - (-3 + -12 + 15) a prime number?
True
Let w(p) = -110635*p - 534. Is w(-1) a prime number?
False
Is 482444 + -28 - 24/(-4) - 18/2 composite?
False
Let c(x) be the first derivative of -10*x**2 - 37*x - 13. Is c(-2) a prime number?
True
Let b = -55043 + 94694. Is b a prime number?
False
Let i(z) = 23*z - 12. Let y(o) = 19*o**3 + 2*o**2 - 2*o + 1. Let p be y(1). Suppose 5*m = -0*a + 5*a + 45, 2*m - p = 3*a. Is i(m) composite?
False
Let d(m) = -220 + 52*m**2 - 217 + 440. Is d(2) composite?
False
Let i = -122793 + 221150. Is i a composite number?
True
Let q = -44 + 48. Suppose -k + q = -5*k, 2*r = -3*k + 1453. Suppose 2*z - 1146 - r = 0. Is z composite?
False
Let q(x) be the first derivative of 482*x**3 + 29*x**2/2 - 4*x + 63. Is q(5) a prime number?
False
Let j(s) be the first derivative of -s**5/20 - 11*s**4/12 + 3*s**3/2 + 16*s**2 + 8*s + 9. Let t(o) be the first derivative of j(o). Is t(-13) composite?
True
Let p be 4 + (-90477)/(-9) + 4. I